 -4. What is the units digit of w - -3 - -4*1?
2
Let q be (1 - -26) + -1 + 2. Let h = q + -13. What is the units digit of h?
5
What is the tens digit of (-396)/(-5) + 2 + 3/(-15)?
8
Let d = 17 - 9. What is the units digit of d?
8
Let s = 93 - 32. What is the tens digit of s?
6
Let f = 29 + -11. What is the tens digit of f?
1
Let o(g) = -g**3 - 15*g**2 + 12 + 1 + 47*g - 62*g. What is the tens digit of o(-14)?
2
Let o be (-264)/(-4) + 9/(-3). Let i = -34 + o. What is the units digit of i?
9
Suppose -6*d + 4*d = 30. Let k = -3 - d. Let c = k - -6. What is the units digit of c?
8
What is the tens digit of 24/((4/22)/2) + 1?
6
Suppose 0 = -2*n + f + 1, 0*f = -n + f - 2. Let l(z) = z + 2. What is the units digit of l(n)?
5
Suppose -13 = -6*o + 173. What is the units digit of o?
1
Suppose -3*r = 2 + 4. Suppose 7 = 2*g + u, g + u = 4 + 2. What is the units digit of r/(-2)*(5 - g)?
4
Let v(p) = -p**3 - 11*p**2 + 10*p - 5. Let z = -22 - -10. What is the units digit of v(z)?
9
What is the hundreds digit of (-81 - 2)*95/(-19)?
4
Suppose 0 = -0*z + 4*z - 5*b - 92, 4*z - 92 = -b. What is the units digit of z?
3
Suppose 50 = -4*c - c. Let t be 4/(-4) - (-1 - -4). What is the units digit of t/c - 18/(-5)?
4
Suppose 3*s + 8 = s. Let w be -3*s/6*1. What is the units digit of (4/(-10))/(w/(-10))?
2
Suppose -4*y + 5*y - 4*h = 11, 4*h - 124 = -4*y. What is the units digit of y?
7
Let n = -14 - -3. Let w = -2 - n. What is the units digit of w?
9
Let k = 11 - 6. Suppose 0 = 2*j - k*j + 45. What is the tens digit of j?
1
Let c(j) = -j**3 + j**2 + j + 5. Let v be c(0). Let h = 14 - v. What is the units digit of h?
9
Suppose 3*v + 147 = 30. Let h be v/(-2)*(-4)/(-3). Let f = h + -18. What is the units digit of f?
8
What is the units digit of (-6)/(33/(-12) + 2)?
8
Let k(j) = j**3 - 3*j**2 + 2*j. Let f be k(2). Suppose f = 5*v - 4*y + 95, y - 12 = 3*v + 38. Let m = v - -21. What is the units digit of m?
6
Suppose 0*r - r = 3*q - 4, r = -4*q + 6. Suppose -f + q*f - 5 = 0. What is the units digit of f?
5
Suppose -f = -4*q - 4, -2*f - 4*q + 2*q - 12 = 0. Let r be f/(3 - 1)*-8. Suppose 0 = -2*s - 2*s + r. What is the units digit of s?
4
Let p be (-26)/(-8) + (-3)/(-4). Let u be 106/p + 3/6. What is the units digit of ((-4)/(-3))/(6/u)?
6
Let z(o) = o**3 - 7*o**2 + 9*o - 7. What is the units digit of z(7)?
6
Suppose -3*q = 5*m - 117, 2*q - 3*q - 2*m + 38 = 0. What is the tens digit of q?
4
Let y be -2 - -90 - (-2 + 5). Suppose -4*a + 8 = k, -3*a - 23 - y = -4*k. What is the units digit of k?
4
Let c = 0 + 2. Let d be (c + -1 - 2) + 13. Suppose x = -0*x + d. What is the tens digit of x?
1
Suppose -5 = -0*r - 5*r. Let a be -2 + r + 0 + -25. Let f = 43 + a. What is the units digit of f?
7
Suppose -4 - 8 = -4*s. Let u be (-4)/(-3)*(0 + s). Suppose -u*c = -45 - 31. What is the units digit of c?
9
Let o = 18 + -46. Let s = 22 + -37. Let p = s - o. What is the tens digit of p?
1
Let m be (-1)/(-1 - (-30)/33). Let u(z) = -5*z - 7*z**2 + 10 - 3 + z**3 + m*z. What is the units digit of u(6)?
7
Suppose 3*z = -3*c + 3, 5*z - 12 = 2*c + 14. What is the units digit of (-222)/(-18) - (-1)/c?
2
Suppose u + 2 - 6 = 0, -5*r = -5*u + 20. Let x be r + 2 + 1 + 0. Let b(i) = 3*i + 4. What is the tens digit of b(x)?
1
Suppose 5*c - r - 29 = 0, 2 = 2*c - 0*c + 2*r. Suppose c*a - 59 = 16. What is the tens digit of a?
1
What is the units digit of -2*(-3 + 219/(-6))/1?
9
Suppose -d = -6 + 8. Let c = 3 + -6. What is the units digit of (d/c)/((-2)/(-6))?
2
Let l(m) = m**2 - 2*m - 5. Let x(u) = -u + 1. Let w(s) = l(s) + 6*x(s). What is the tens digit of w(10)?
2
Let w(v) = -v**2 - 12*v + 3. Let b be w(-12). Suppose 5*h - 10 = o, -b*h + 6 + 0 = -3*o. Suppose -h*p = p - 27. What is the units digit of p?
9
Suppose -4*p - o = -172, -2*p - 2*p = 4*o - 160. What is the tens digit of p?
4
Let m(v) = -3*v**3 + v**2 - 3*v + 0*v + 5*v + 1. Let p be m(-1). Suppose -u - z = z - 5, p*u - z = 15. What is the units digit of u?
5
Suppose -o - 9 = -4*o. Suppose 2 = -o*y + 17. Suppose 3*i + 9 = 4*w - 12, -31 = -y*w - i. What is the units digit of w?
6
Let f(n) = 20*n + 39. What is the units digit of f(13)?
9
Suppose -9*i + 555 = -6*i. What is the units digit of i?
5
Let m = 23 + -3. What is the tens digit of m?
2
Let d be (-1 + 2)*14/2. Let k be 1 - (-1 - -6) - -17. Let i = k + d. What is the tens digit of i?
2
Suppose 2 - 27 = 5*x, -3 = f - x. What is the units digit of (-54)/f + (-1)/(-4)?
7
Let k(i) = 3*i - 2. What is the units digit of k(7)?
9
Let r(p) = -5*p**2 + 7*p + 4*p**2 + 2 + 2*p**2. Let o be r(-7). What is the units digit of (o/3)/((-2)/(-9))?
3
What is the units digit of (-10 + 7)*50/(-3)?
0
Let p(s) = s**2 + 9*s + 3. Suppose -o + 7 = -4*c, 7 = -3*o - c - 24. Let d be p(o). What is the units digit of 6/d + -2 + 8?
8
Let u(k) = 22*k - 57. What is the tens digit of u(12)?
0
What is the tens digit of ((-4)/4)/((-6)/438)?
7
Let a(f) = -f**2 - 8*f - 4. Let c(m) = -m**3 + 9*m**2 - 7*m - 8. Let u be c(8). Suppose 4*b = -u*s + 2*s + 30, -4*b = -s - 25. What is the tens digit of a(s)?
1
Let t(w) = w**2 - 4*w - 2. Let p be t(5). Suppose i + p*j - 11 = 9, -20 = -i + 3*j. What is the units digit of i?
0
Let g be 6*(2 - (-6)/(-4)). Suppose g*a + a = -2*d + 20, 2*a = -5*d - 6. What is the units digit of a?
7
Suppose -4*i - 27 = -5*h, 0*h + 43 = 5*h + 4*i. Let n = h - -6. What is the tens digit of n?
1
Suppose 5*s = 3*r - 300, -3*s + 125 = 4*r - 246. What is the units digit of r?
5
Suppose -d - 44 = -3*d - 5*m, 4*d - 88 = -2*m. Let a = d + -14. What is the units digit of a?
8
Let l(a) = 3*a**2 + a**2 - 4*a**2 + 1 - a**2. Let u be l(-3). Let q = 11 + u. What is the units digit of q?
3
Suppose 11 = 2*k - 9. What is the units digit of (0 + -3)*k/(-3)?
0
Suppose -3*i - 3 = 3. What is the units digit of (-456)/(-18)*(-3)/i?
8
Let i = -73 - -125. Suppose -4*n - 3*z + 46 = -i, 0 = n + 5*z - 16. What is the tens digit of n?
2
Let w be (-6 - -2) + 9 + 0. Let z(h) = 5*h - h**2 - 5 + 5*h - 3*h. What is the units digit of z(w)?
5
Let z be 4 + -1 + (-1 - -3). Suppose 42 = 5*f + 4*a - 53, 2*f + z*a = 55. What is the units digit of f?
5
Suppose -5*c - 431 = -3*t, -3*t = 5*c - 0*c - 481. What is the hundreds digit of t?
1
Suppose 0 = n + 3*n. Suppose 0 = -2*i + s + 14, n = -2*i - 3*s - 4 + 2. What is the units digit of i?
5
What is the units digit of (-12)/(-2 - 4) - (-123 + 0)?
5
Let d(x) = -3*x + 5*x + 9 + x - 2*x. What is the units digit of d(0)?
9
Let a(s) = s**3 + s + 6. What is the units digit of a(4)?
4
Let v = -22 - -50. What is the units digit of v?
8
Let p be 0 + 15 + (-3)/3. Suppose 2*c - 4*v = p, 4*c - 4*v = -0*c + 32. What is the units digit of c?
9
Suppose -f - 4*y = -4*f + 296, 0 = 4*f + 5*y - 405. What is the hundreds digit of f?
1
Suppose -y + 12 = -37. What is the units digit of y?
9
Let j(u) = -u**2 - 8*u - 1. Let x be j(-6). Suppose p + 4 = x. What is the units digit of p?
7
Suppose 2*w = 5 + 3. Suppose 125 = l + w*l. What is the units digit of l?
5
Let z = -34 + 18. What is the units digit of (-6)/2*z/3?
6
Let p(i) = 2*i - 2. Let q be p(2). Suppose q*x - 18 = 6. What is the tens digit of x?
1
Suppose l + w = 2, 0*l + 3*w - 11 = -4*l. Let b = -15 - -1. What is the tens digit of (b/l)/((-4)/20)?
1
Suppose -1 = -2*a - 5*p, 2*a - 4 = 3*p - 7*p. Suppose 20 - a = u. Let k = u - 8. What is the units digit of k?
4
Let f(k) = 3*k + 14. What is the tens digit of f(10)?
4
Let l(n) = -8*n - 17. Let o(q) = -3*q - 6. Let y(g) = 4*l(g) - 11*o(g). Let w be y(5). Suppose -6*j + 3 = -w*j. What is the units digit of j?
1
Suppose 36 = -0*a + a. What is the tens digit of a?
3
Let p = 12 - -327. What is the units digit of p?
9
Suppose v + 2*v = 33. Suppose 2*o - 3*o + v = 0. What is the units digit of o?
1
Let m = 3 - -1. Let f(n) = 1 - 3*n - 4 + 2*n**2 - 2*n. What is the units digit of f(m)?
9
Let z = -1 + 11. Suppose -2*f = -4*o - z, -5*f - o + 20 = -f. Suppose 3*g = -2*g + f. What is the units digit of g?
1
Let w(n) = 7*n - 2. Let y be w(4). Let k = y - -10. What is the tens digit of k?
3
Suppose 2*o - 10 = 5*r, 2*o + r + 0 + 2 = 0. Suppose 0 = -4*a - o*a + 52. What is the units digit of a?
3
Let l(j) = 6*j + 1. Let q(m) = 19*m + 3. Let w(x) = 11*l(x) - 4*q(x). Let p be w(-1). What is the units digit of 1/3*1*p?
3
Suppose -2*k + 9*k